                                                                                                                                                                                                                                                                                                                                                                                                                                                                                                                                                                                                                                                                                                                                                                                                                                                                                  {"id":174,"date":"2018-06-19T13:53:16","date_gmt":"2018-06-19T13:53:16","guid":{"rendered":"http:\/\/demotiendaonline.unomasuno3.com\/index.php\/producto\/farm-fresh-eggs\/"},"modified":"2021-07-12T05:28:05","modified_gmt":"2021-07-12T05:28:05","slug":"farm-fresh-eggs","status":"publish","type":"product","link":"http:\/\/demotiendaonline.unomasuno3.com\/index.php\/producto\/farm-fresh-eggs\/","title":{"rendered":"Traje para Beb\u00e9 Red Jirafa"},"content":{"rendered":"<p>No puede faltar en el guardarropa de los bebes. Manga corta, corte cl\u00e1sico y muy funcional, una en tela estampada. Prenda en algod\u00f3n peinado suave y durable<\/p>\n","protected":false},"excerpt":{"rendered":"<p>Talla: T Unitalla<\/p>\n<p>Color: Rojo con estampado de Jirafa<\/p>\n","protected":false},"featured_media":4323,"comment_status":"open","ping_status":"closed","template":"","meta":{"om_disable_all_campaigns":false,"_monsterinsights_skip_tracking":false,"_monsterinsights_sitenote_active":false,"_monsterinsights_sitenote_note":"","_monsterinsights_sitenote_category":0},"product_cat":[33,32],"product_tag":[],"_links":{"self":[{"href":"http:\/\/demotiendaonline.unomasuno3.com\/index.php\/wp-json\/wp\/v2\/product\/174"}],"collection":[{"href":"http:\/\/demotiendaonline.unomasuno3.com\/index.php\/wp-json\/wp\/v2\/product"}],"about":[{"href":"http:\/\/demotiendaonline.unomasuno3.com\/index.php\/wp-json\/wp\/v2\/types\/product"}],"replies":[{"embeddable":true,"href":"http:\/\/demotiendaonline.unomasuno3.com\/index.php\/wp-json\/wp\/v2\/comments?post=174"}],"wp:featuredmedia":[{"embeddable":true,"href":"http:\/\/demotiendaonline.unomasuno3.com\/index.php\/wp-json\/wp\/v2\/media\/4323"}],"wp:attachment":[{"href":"http:\/\/demotiendaonline.unomasuno3.com\/index.php\/wp-json\/wp\/v2\/media?parent=174"}],"wp:term":[{"taxonomy":"product_cat","embeddable":true,"href":"http:\/\/demotiendaonline.unomasuno3.com\/index.php\/wp-json\/wp\/v2\/product_cat?post=174"},{"taxonomy":"product_tag","embeddable":true,"href":"http:\/\/demotiendaonline.unomasuno3.com\/index.php\/wp-json\/wp\/v2\/product_tag?post=174"}],"curies":[{"name":"wp","href":"https:\/\/api.w.org\/{rel}","templated":true}]}}